of w and f?
2
Let u be (0 + 4/(-1))/(49/(-5880)). What is the highest common factor of u and 64?
32
Let q(b) = 10*b**3 - 2*b**2. Let u be q(2). Suppose -72 + 144 = 4*f. What is the greatest common factor of f and u?
18
Let a be (-4)/30 + 2 + 2655102/90. What is the greatest common factor of 181 and a?
181
Suppose -y + 1 = d, 0 = -4*y + 5*y - d + 9. Let n be -40*y/(160/168). Calculate the greatest common divisor of 42 and n.
42
Let s be 324/12*(-2)/(-2)*38. What is the highest common divisor of s and 266?
38
Suppose 0 = -21*o + 23*o - 1650. Let x(k) = 2*k**2 - 18*k + 31. Let d be x(11). Calculate the highest common factor of o and d.
75
Suppose 0 = 49*f - 1372 - 147. What is the highest common factor of f and 3937?
31
Let v(j) = 5*j + 5. Let z be v(-1). Suppose -5*q = -u + 3*u - 222, z = 5*q - u - 234. Calculate the highest common divisor of 115 and q.
23
Let h = 27 - 251. Let v = -408 - -746. Let s = h + v. What is the greatest common divisor of s and 38?
38
Suppose -4*s = -9 - 99. Suppose -o = 4*o - 3*g - 141, -5*g + 15 = 0. Let p be 5/o - (-3236)/24. What is the highest common factor of p and s?
27
Let j(l) = -354*l - 11 - 21 + 364*l. Let m(d) = 3*d**2 - 5*d - 14. Let f be m(-2). Let r be j(f). Calculate the greatest common divisor of 6 and r.
6
Let y(c) = 2*c**3 - 105*c**2 + 159*c + 22. Let b be y(51). Let h be 21/(-1)*-2 + -1. Calculate the greatest common divisor of h and b.
41
Let h(p) = p**2 + 42*p + 388. Let k be h(-12). What is the highest common divisor of 343 and k?
7
Let v(w) = -w**3 + 37*w**2 - 67*w - 24. Let x = 194 + -159. Let r be v(x). What is the greatest common divisor of 27 and r?
27
Suppose -38*t = -28*t + 140. Let g(l) = -31*l - 306. Let z be g(t). Let s be 0 + (16 - 0)*1. Calculate the greatest common factor of z and s.
16
Suppose 0 = -5*v + 3*w + 103 + 2120, -5 = 5*w. Let p = 21689 + -21677. What is the greatest common factor of v and p?
12
Let t = -27857 - -30121. Calculate the highest common factor of 72 and t.
8
Suppose -23448 = -3*r + 5*m - 3087, 4*m = 3*r - 20355. Calculate the highest common factor of r and 135.
27
Let u = -12942 + 13774. What is the highest common divisor of 117 and u?
13
Let r(i) = 36*i**3 - 12*i**2 + 228*i - 2173. Let t be r(9). Calculate the greatest common factor of 7 and t.
7
Let i be (24/18)/(10/1305). Let t = i - 141. Calculate the highest common factor of t and 9.
3
Let g be 1 + 299 + 30/(-15). Let h = 398 - g. Suppose -2*c + 56 = 6. What is the greatest common divisor of h and c?
25
Let w be 135/10 + 147/(-42). What is the greatest common divisor of 5930 and w?
10
Let s(p) = p**3 - 7*p**2 + 8*p - 9. Let h be s(9). Suppose -238*k + 243*k - h = 0. What is the greatest common factor of 90 and k?
45
Let h = 7997 + -7808. Calculate the greatest common factor of 18 and h.
9
Let c = 506 - 216. Suppose 2*m - m + 3*n - c = 0, 5*m - n = 1482. Calculate the greatest common divisor of 74 and m.
74
Let x(o) = -10*o**3 + 2*o**2 - 2*o + 1. Let i be x(1). Let h be 4*2/3*(-54)/i. Calculate the greatest common factor of h and 104.
8
Let p = 1354 + -1345. What is the highest common factor of p and 909?
9
Let j be 1 + (57 + -2)*4. Let k(n) = -n**2 + 2316*n - 13834. Let l be k(6). Calculate the highest common factor of j and l.
13
Let i = 16536 + -16507. What is the greatest common divisor of i and 25868?
29
Suppose -47*s - 135660 = -180*s. What is the greatest common divisor of 18 and s?
6
Let o be (-11172)/(-168)*(-6)/(-21). Let j = 162 + -10. What is the highest common divisor of j and o?
19
Let b = 1462 - 1448. What is the highest common factor of 12 and b?
2
Let w(s) = -s**3 - 5*s**2 + 5*s + 4. Let r be w(-5). Suppose 0 = t + 53 - 19. Let h = r - t. Calculate the greatest common divisor of 65 and h.
13
Suppose 166 = 7*d + 19. Let l be (0 - 2)*(-2 - d). What is the highest common divisor of 46 and l?
46
Let a = -3 + 7. Let q be (25/(-3) + 0)/(22/(-66)). Let g = q - a. What is the greatest common factor of 189 and g?
21
Suppose 6296 = 10*k - 6*k - 2*r, 0 = -2*k + 5*r + 3140. What is the greatest common divisor of k and 35?
35
Suppose -3*r - 15 = 0, 0*r - 5*r + 119 = 4*k. Let n(i) = 2*i**3 - 65*i**2 + 26*i + 288. Let j be n(32). What is the highest common divisor of j and k?
12
Let u = 13 + -41. Let f = -10 - u. Suppose 5*i - f = -c - c, 5*i - 17 = -3*c. What is the greatest common factor of i and 20?
4
Let m(g) = 434*g - 3812. Let z be m(9). What is the greatest common factor of z and 4?
2
Suppose 585 = -37*o + 15903. Let a(m) = 37*m - 1. Let j be a(1). Calculate the greatest common factor of j and o.
18
Let q(a) = a**3 + 3*a**2 - 2*a + 22. Let b be q(0). Calculate the highest common divisor of b and 2.
2
Let f be ((-28222104)/(-215))/(-82)*(-4 + (-2 - -1)). Calculate the highest common factor of 184 and f.
92
Let j(h) = 7*h**3 - 17*h**2 + 67*h - 4. Let m be j(12). What is the greatest common factor of 16 and m?
16
Let y be (2 + -1)*(-11 + 10). Let o be ((-196)/(-12))/(y*2/(-6)). What is the highest common divisor of 196 and o?
49
Let g be ((-57)/(-38))/((-1)/(-2)). Suppose -240 = g*p - 7*p. Suppose j = 2*k + 39 + 1, -j - 2*k + 40 = 0. Calculate the highest common factor of p and j.
20
Suppose -5*p = -p + 1756. Let x = 759 + p. What is the highest common factor of x and 240?
80
Suppose 13214 = 16*d + 6494. Calculate the greatest common factor of d and 8540.
140
Let a be -11*(-9 + 2)*2. Let c be (a/4)/(-7)*-6. Suppose 2*k - 29 = 15. What is the greatest common divisor of c and k?
11
Let f(g) = -2*g**2 - 3*g + 3. Let a be f(0). Let l(i) = -4*i + 4*i + i**2 - i**a - 4*i**2 - 6. Let b be l(-5). Calculate the highest common divisor of b and 22.
22
Let k(r) = -2*r + 18. Let f be (-5)/(-30) + (-175)/(-30). Let i be k(f). Suppose -i*s + 3 = -51. Calculate the greatest common factor of 99 and s.
9
Let l be 2*(-1 - 46/(-4)). Let n(w) = -w**3 + 132*w**2 - 1111*w + 548. Let u be n(123). What is the greatest common divisor of u and l?
7
Let a be 332/8*(1 + 3 + -6). Let n = 107 + a. Calculate the greatest common factor of n and 24.
24
Let u be (-36)/8*4/(-6). Suppose -5*q + 112 = s + 82, 4*q = 4*s. Suppose 134 + 71 = 5*z + t, -u*z = -s*t - 95. What is the greatest common factor of z and 16?
8
Suppose 0 = -44*b + 84 - 744. Let d(h) = h**2 - 2*h + 81. Let r be d(b). What is the greatest common divisor of 32 and r?
16
Let p be -5 + (-6)/(12/239)*-2. Let u = -45 + p. What is the highest common divisor of u and 135?
27
Let j(m) = 121*m**2 - 5*m + 1. Let l = -54 - -55. Let n be j(l). What is the highest common divisor of n and 9?
9
Suppose -9125 + 1380 = -5*t - 2*s, -t + 1537 = -2*s. Calculate the highest common divisor of 4199 and t.
221
Suppose -761*x - 81484 = -787*x. What is the greatest common divisor of 4 and x?
2
Suppose -k = -2 + 5. Let h(g) = -6*g**3 - g**2 + 3*g + 2. Let v be h(k). Suppose v = c - f, -2*f + 61 = c - 82. What is the greatest common factor of c and 58?
29
Suppose -350*h = -72021 - 19329. Suppose 0 = w - 3 - 1. Suppose -33 = -p - w. What is the greatest common factor of h and p?
29
Let u = 514 - 509. Suppose -134 = u*z - 174. Calculate the greatest common divisor of z and 512.
8
Let q = -547 - -499. Let l(f) = f**2 + 43*f - 102. Let w be l(q). What is the highest common divisor of w and 12?
6
Let h be (-22 - (-5 + 6))*-1. Suppose 9 = h*i - 83. What is the highest common divisor of 4 and i?
4
Suppose 7*z - 2*z - 315 = 0. Suppose -7*v + 10*v - 4*q = -713, -3*v = 2*q + 737. Let c be -4*(1 + -2)*v/(-36). What is the highest common divisor of c and z?
9
Let n(u) = -2*u + 2. Let h be n(2). Suppose -m - 5*g - 20 = 0, -4*m + 11*g - 7*g = 56. Let q be m/h*3/6*4. Calculate the highest common factor of q and 75.
15
Let d = 4829 - -787. What is the highest common divisor of d and 648?
216
Let m = -38 - -140. What is the highest common divisor of m and 1734?
102
Suppose 0 = -2*d + 5*c + 151, -13 = -d + 3*c + 64. What is the highest common divisor of 527 and d?
17
Suppose 6*n - 1374 - 1230 = 0. Let x(t) = 8*t**2 - 3*t - 1. Let g be x(3). Calculate the highest common divisor of n and g.
62
Suppose 4*b + 5*r = 151, -4*b + 4*r - 35 = -159. Suppose 9*q - 38 = b. What is the greatest common divisor of q and 248?
8
Let m(x) = -40 + 35*x + x**2 - 37*x + 7. Let r be m(9). Calculate the greatest common factor of r and 